o base 13
2456
67a7 (base 12) to base 3
120210001
-a12 (base 13) to base 15
-78a
Convert -21aa (base 11) to base 7.
-11315
What is 4da (base 15) in base 14?
58d
31211 (base 7) to base 16
1de4
Convert 1022200022 (base 3) to base 11.
185a5
What is 18a0 (base 15) in base 7?
21345
Convert -573 (base 10) to base 2.
-1000111101
Convert -1662 (base 10) to base 13.
-9ab
Convert 8732 (base 10) to base 9.
12872
Convert 89b (base 13) to base 15.
68a
What is -40036 (base 7) in base 5?
-302011
Convert -100011001110 (base 2) to base 16.
-8ce
What is -151520 (base 7) in base 9?
-44312
Convert -42352 (base 6) to base 11.
-4363
-2034 (base 7) to base 11
-597
2151 (base 7) to base 11
641
Convert 10212032 (base 4) to base 15.
58a5
What is 718 (base 11) in base 3?
1012002
33634 (base 7) to base 4
2011213
Convert -330111 (base 4) to base 13.
-19b0
Convert -ebe (base 15) to base 10.
-3329
Convert -2450 (base 7) to base 8.
-1625
Convert -1698 (base 11) to base 12.
-1304
What is 4f22 (base 16) in base 8?
47442
Convert 36687 (base 9) to base 7.
131533
132242 (base 5) to base 14
1d22
What is 104563 (base 7) in base 12?
a831
2c3 (base 16) to base 12
4ab
What is -11010110011 (base 2) in base 14?
-8a7
Convert 4a20 (base 14) to base 2.
11001010100100
What is 3151 (base 10) in base 15?
e01
Convert 828 (base 11) to base 4.
33212
20300 (base 4) to base 11
46a
Convert 24 (base 12) to base 13.
22
6111 (base 16) to base 4
12010101
Convert -6a78 (base 14) to base 15.
-5755
Convert 976 (base 13) to base 9.
2187
Convert 110011010 (base 2) to base 12.
2a2
Convert 2076 (base 10) to base 11.
1618
What is 625 (base 8) in base 4?
12111
Convert 11a93 (base 13) to base 8.
77470
What is -110101011111101 (base 2) in base 5?
-1334024
Convert 311030 (base 5) to base 16.
279c
Convert -5e3 (base 16) to base 2.
-10111100011
21 (base 13) to base 11
25
103412 (base 5) to base 3
11221121
Convert 260 (base 12) to base 6.
1400
20444 (base 5) to base 7
4002
Convert -1a9a (base 12) to base 2.
-110011010110
b89 (base 14) to base 2
100011100101
-881 (base 9) to base 14
-397
858 (base 11) to base 12
71b
14565 (base 8) to base 7
25000
Convert -18c (base 13) to base 7.
-555
2165 (base 8) to base 14
5b7
Convert -565 (base 8) to base 9.
-454
What is 1011111110 (base 2) in base 3?
1001101
What is 415302 (base 6) in base 11?
23267
Convert -17 (base 8) to base 13.
-12
What is -313514 (base 6) in base 4?
-12031312
What is 100011111101011 (base 2) in base 15?
56c6
-623 (base 16) to base 12
-aab
What is -a96 (base 14) in base 4?
-200230
21143 (base 9) to base 4
3122103
Convert 1965 (base 10) to base 5.
30330
Convert -35414 (base 6) to base 12.
-2b6a
Convert -1010110111000 (base 2) to base 3.
-21121221
Convert 102314 (base 5) to base 9.
4663
What is 5e (base 15) in base 10?
89
Convert 111000000001 (base 2) to base 10.
3585
-4040 (base 5) to base 13
-310
What is -100001110010 (base 2) in base 7?
-6206
191 (base 16) to base 2
110010001
4014 (base 7) to base 10
1383
What is 1130011 (base 4) in base 8?
13405
Convert 10011001001000 (base 2) to base 8.
23110
-11110111 (base 2) to base 6
-1051
-133211 (base 5) to base 16
-1537
What is -560 (base 12) in base 2?
-1100011000
Convert -10111222001 (base 3) to base 14.
-1b32d
4151 (base 10) to base 3
12200202
Convert -10111101111 (base 2) to base 6.
-11011
What is 719 (base 13) in base 2?
10010110101
What is -16841 (base 10) in base 11?
-11720
What is 18b4 (base 12) in base 16?
bc8
-4131 (base 5) to base 6
-2301
What is 63 (base 10) in base 14?
47
-730 (base 8) to base 11
-39a
What is -50 (base 10) in base 8?
-62
What is 42226 (base 7) in base 12?
6034
What is 111120 (base 4) in base 3?
1212200
Convert 3230 (base 4) to base 14.
12c
4104 (base 12) to base 13
32a1
2021 (base 8) to base 6
4453
-1b1 (base 14) to base 3
-111000
What is -589e (base 15) in base 13?
-8750
Convert 40023 (base 7) to base 14.
3713
Convert -202 (base 12) to base 13.
-194
What is 3162 (base 8) in base 14?
85c
What is 73 (base 14) in base 3?
10202
What is -7687 (base 10) in base 8?
-17007
Convert -614 (base 10) to base 12.
-432
What is 112333 (base 5) in base 7?
14635
What is -3233 (base 13) in base 4?
-1230323
Convert 2453 (base 7) to base 3.
1021002
Convert -222011000 (base 3) to base 2.
-100101001110110
Convert -1034121 (base 5) to base 11.
-12607
Convert -7763 (base 8) to base 13.
-1b21
Convert -62a (base 11) to base 14.
-3c2
10331 (base 4) to base 10
317
Convert -1a2a (base 11) to base 15.
-b68
What is -3102 (base 7) in base 9?
-1430
10130 (base 5) to base 14
357
What is 320032 (base 5) in base 8?
24622
Convert 34076 (base 9) to base 10.
22668
What is -1551 (base 9) in base 3?
-1121201
Convert -221011 (base 3) to base 8.
-1247
What is 10100011011100 (base 2) in base 6?
120232
-1ea (base 15) to base 8
-675
What is 158d5 (base 15) in base 16?
10f7c
What is 421 (base 16) in base 4?
100201
-10100110111 (base 2) to base 9
-1743
What is -343 (base 15) in base 3?
-1000100
What is 104a (base 11) in base 7?
4016
Convert 1611 (base 10) to base 9.
2180
dc9 (base 15) to base 8
6052
What is -6438 (base 15) in base 2?
-101001011010011
1234 (base 7) to base 3
122021
What is 1010221 (base 3) in base 14?
439
Convert 3cd2 (base 15) to base 10.
13022
-4f9 (base 16) to base 10
-1273
What is 3410 (base 6) in base 11?
666
Convert -72 (base 14) to base 11.
-91
What is 11854 (base 9) in base 5?
223422
What is -7c5 (base 16) in base 15?
-8c9
334 (base 13) to base 9
671
4292 (base 15) to base 5
422322
Convert 1001101001 (base 2) to base 4.
21221
-24735 (base 8) to base 2
-10100111011101
Convert 1556f (base 16) to base 6.
1512355
What is 4b6 (base 14) in base 12?
668
What is 15270 (base 8) in base 9?
10340
Convert -208 (base 16) to base 15.
-24a
Convert 1222111 (base 3) to base 9.
1874
Convert 40022 (base 7) to base 5.
301440
de0 (base 15) to base 8
6077
-22a02 (base 13) to base 3
-10012201001
417 (base 10) to base 14
21b
What is 158a (base 14) in base 3?
12021110
Convert 15 (base 6) to base 4.
23
What is -1217 (base 9) in base 12?
-637
41871 (base 9) to base 6
332101
Convert 1421 (base 5) to base 11.
1a5
What is -8556 (base 11) in base 15?
-3544
What is -11101110001111 (base 2) in base 6?
-154331
Convert -23130000 (base 4) to base 3.
-2101021010
What is 2201 (base 6) in base 9?
621
Convert -3234 (base 7) to base 2.
-10010000000
133 (base 15) to base 5
2043
Convert 22202100 (base 3) to base 16.
18ed
Convert 3935 (base 10) to base 12.
233b
Convert -1789 (base 10) to base 7.
-5134
Convert -64444 (base 7) to base 4.
-3322012
-18360 (base 10) to base 13
-8484
What is -c467 (base 13) in base 16?
-69f5
1333 (base 7) to base 16
202
Convert -3148 (base 15) to base 13.
-4985
What is -259a5 (base 12) in base 8?
-144515
6830 (base 12) to base 9
16760
-10a5 (base 15) to base 2
-110111001010
48b1 (base 12) to base 2
10000000000101
Convert -1100101000 (base 2) to base 5.
-11213
What is -24211 (base 5) in base 15?
-806
Convert 439 (base 14) to base 12.
597
Convert -3241 (base 5) to base 11.
-376
Convert 290a (base 14) to base 13.
33c8
Convert -a62 (base 11) to base 14.
-674
What is -580 (base 14) in base 8?
-2104
What is 5868 (base 13) in base 3?
122001010
What is 20211 (base 3) in base 4?
2320
Convert -13020 (base 4) to base 11.
-385
Convert -3445 (base 9) to base 4.
-213320
Convert 93 (base 16) to base 12.
103
Convert -2332 (base 8) to base 11.
-a2a
What is 352 (base 8) in base 2?
11101010
b9e (base 16) to base 10
2974
4550 (base 6) to base 2
10000110010
ae (base 16) to base 14
c6
Convert 2c1 (base 15) to base 14.
331
What is -113 (base 10) in base 5?
-423
110032 (base 4) to base 8
2416
-42 (base 14) to base 2
-111010
Convert 32066 (base 7) to base 10.
7937
Convert 1155 (base 7) to base 9.
530
Convert 839 (base 12) to base 15.
54c
Convert 1006 (base 9) to base 14.
3a7
-472 (base 9) to base 5
-3024
What is 32403 (base 9) in base 6?
243220
-208 (base 10) to base 14
-10c
What is 3330101 (base 4) in base 3?
211010222
Convert -1163 (base 8) to base 15.
-2bc
4421 (base 5) to base 10
611
What is -1806 (base 9) in base 16?
-567
Convert 430 (base 9) to base 7.
1011
Convert -41645 (base 9) to base 4.
-12231230
-243 (base 5) to base 13
-58
What is -589a (base 11) in base 7?
-31354
Convert 568 (base 9) to base 12.
32b
What is 2333 (base 10) in base 4